(c) = 93*c**2 + 223*c + 25. Is i(-12) composite?
True
Suppose -h - 4*q = 26, 2*h + 0*h + 4*q + 32 = 0. Let b(v) = -34*v + 10. Let s(a) = 34*a - 9. Let c(g) = h*b(g) - 7*s(g). Is c(-11) prime?
False
Let x(l) = l + 4. Let b be x(8). Let z be (5 - (1 + 0)) + 43. Let j = z + b. Is j a composite number?
False
Let q be (-6)/(-21) - 95/(-35). Let l = -658 + 2278. Suppose -l = -q*p + 2913. Is p composite?
False
Suppose 4*q - 2067 = -g, 4*g - 5*q - 4087 - 4286 = 0. Let h = 5220 - g. Is h a prime number?
False
Let s(y) be the first derivative of 1/2*y**2 + 23 + 4/3*y**3 + 32*y. Is s(13) prime?
False
Suppose 12 = -11*b + 7*b. Let r be 6/39 + (-27216)/(-39) + b. Suppose k + 2*n = n + 707, k - 2*n = r. Is k prime?
False
Let g(w) = 13*w**2 + 2*w - 3. Let i be g(4). Let u = i + -64. Is u composite?
False
Suppose -765 - 173 = -14*d. Is (-43376)/(-3) + d/201 a composite number?
True
Let i = 39 - 26. Suppose i*v = 12*v - 1499. Is v/(-3) - 2/3 composite?
False
Let p(c) = 53*c**2 - 30*c + 289. Is p(48) a prime number?
False
Let b = 2966 + 1655. Is b a prime number?
True
Let q(j) = 67*j + 7. Let m(a) = -61*a - 5. Let r(s) = 3*m(s) + 2*q(s). Let b be 9/(1/2*-3). Is r(b) a prime number?
True
Suppose 18 = 3*g + 54. Let u be (-4 - 30/(-8))*g. Suppose 0 = -u*p + 4*p - 159. Is p prime?
False
Suppose 16766 = i - 84423. Is i a prime number?
False
Let k be 3/21 + 170/(-14). Let v be (-16)/k*(-81)/6. Is (-13746)/v + (-2)/3 a prime number?
False
Let n(v) be the third derivative of 29/30*v**5 - 31*v**2 + 0*v + 0 - 3/2*v**3 - 5/12*v**4. Is n(6) composite?
True
Let c(l) = -l**3 - 13*l**2 + 2*l + 18. Let w be c(-13). Let z(g) = g**2 + 6*g - 18. Let k be z(w). Is (-79)/(-4)*(-8)/k a prime number?
True
Let z(m) = 2*m**2 + 9*m + 353317. Is z(0) a prime number?
True
Let l be 4/(68/97565) - 10/85. Is l*((-7)/3 - 2 - -6) a composite number?
True
Suppose 8*t - 6 = 10. Suppose 7*s - 3*s = a - 829, 2*a - 1628 = t*s. Is a a prime number?
True
Let g = -97 - -109. Let p(r) = 3*r**3 - 13*r**2 - 21*r + 19. Is p(g) a prime number?
True
Suppose -34*q = -47*q. Suppose 0 = -5*s - q - 5, -4*s = -n + 14493. Is n a prime number?
True
Let h be (3 - (3 + -1)) + -1. Suppose -3*o - 5*p + 60 = 2*o, -5*p - 10 = h. Suppose -9*i - 745 = -o*i. Is i prime?
True
Suppose 2538*u + 3*l + 310543 = 2542*u, 4*u - 310550 = 2*l. Is u composite?
False
Suppose -16 = -5*l + z, 4*z - 17 = -3*l + 11. Let v be 1594 - 1/(-1)*l. Suppose -n + 535 = -2*o, 0*n + v = 3*n + o. Is n prime?
False
Let b be (-4 + -6)*-2*6753/12. Suppose l - 2814 = -r, -l - b = -5*l - 3*r. Is l prime?
False
Let c(f) be the first derivative of 3*f**2/2 - 16*f + 9. Let k be c(5). Is (3 + 289 - k)/(2 + -1) a composite number?
False
Suppose 4*n + x + 20 = 6*n, -40 = -4*n + 5*x. Suppose 6*s = 11*s - n. Suppose -s*h + 1306 = 404. Is h prime?
False
Let y(c) = -20*c + 39. Suppose -2*i - i - 4*f = -16, -3*i = 3*f - 18. Let l be 2/i - (-300)/(-48). Is y(l) a composite number?
True
Let v be 3/(-3 - (-1792)/600). Let w = v + 2048. Is w prime?
True
Suppose -2983 + 19435 = -2*d. Let u = -1895 - d. Is u a composite number?
True
Let r = -564 + 568. Is 2/((-16)/(-2)) + 43643/r composite?
True
Let t(q) = 42*q - 6. Let x(m) = -m - 1. Let s(d) = 3*t(d) - 48*x(d). Let i be s(7). Is ((-93)/4)/((-72)/i) prime?
False
Suppose k + 4*z = 2211 + 876, z - 6195 = -2*k. Let d = k - 2088. Is d a prime number?
False
Let d(l) = -4*l + 7. Let y be d(2). Is (0 - (y - -10568))*(0 + -1) a prime number?
True
Let z = 451557 + -320938. Is z composite?
False
Suppose 3*n + 4*r = 477885, 4*r - 7*r + 637166 = 4*n. Is n composite?
False
Let r(h) = 248*h**2 + 19*h + 4. Let i be r(-5). Suppose 4037 = -5*x - 3*g + 19325, -i = -2*x + 5*g. Is x prime?
False
Let a(r) = 402*r**2 + 8*r + 5. Let d(b) = -5*b**3 + b**2 - 2. Let p be d(-1). Is a(p) a composite number?
False
Let h(l) be the first derivative of 4411*l**3/3 - 6*l**2 + 10*l - 83. Is h(1) composite?
False
Is (-4)/9 - (-759001)/9 a composite number?
True
Let c(l) = -2*l + 19. Let f be ((-1)/3)/((-2)/(-6)) + -6. Let y be c(f). Is 3 + y/(-9) + (-9946)/(-6) composite?
False
Let r = 14880 - -21983. Is r composite?
True
Let r = -6 - 0. Let y = 9000 + -8997. Is 1794/4 + 3 + y/r a prime number?
False
Let g = -33576 - -230350. Is g a composite number?
True
Suppose -4*j + z = 5, 2*j = -5*z + 11 + 14. Let g be 9/12 - ((-141478)/(-8) - j). Let p = -11227 - g. Is p prime?
False
Suppose 2*u = -5*m + 30331, -3*u = -7*m + 3*m + 24274. Let h = -218 + m. Is h prime?
True
Let s = 18 + -10. Suppose 3*g - 4*q - 1 = -3, -4*q = 2*g + s. Is (149 - (6 + g)) + 0 a composite number?
True
Let v(b) = -2392*b + 117. Let i be v(3). Let p = 13306 + i. Is p a composite number?
False
Let t be (-1 + -2)*-15*(-36)/(-27). Let r be (t/24)/((-3)/(-6)). Suppose 0 = -4*w + 5*p + 12043, p - r*p = w - 3037. Is w a composite number?
True
Let k(s) = 21610*s - 12037. Is k(5) prime?
True
Suppose 78 = -5*w + 68. Let x(p) = -238*p - 9 + 4 - 536*p. Is x(w) prime?
True
Suppose 3*b - 3242593 = -4*r, -7*b + r + 3336967 = -4229073. Is b composite?
True
Suppose 2*s + 10*k - 41 = 5*k, -4*k + 4 = 0. Suppose -f + y = -10, 0 = -f - 4*y + s + 2. Suppose 0 = 9*w - f*w + 1191. Is w composite?
False
Let p(s) = -s**2 + 10*s. Let y be p(10). Suppose y = 3*j - 3*h - 41 - 466, 4*j + h = 651. Let w = 247 - j. Is w composite?
False
Suppose -11431 = 5*h + i, 2522 + 2053 = -2*h - 3*i. Let w = h - -8162. Is (w/5)/4 - (-12)/(-15) composite?
False
Is (-308118)/6*(3 - 4) composite?
True
Suppose -4*b - 303885 = -5*q, 12*q + 2*b - 303855 = 7*q. Is q prime?
True
Let i be (-2*(-1)/2)/((-2)/(-20742)). Suppose 9*o - 152454 = -i. Is o a prime number?
True
Let x(i) = 1261*i**3 + i**2 - 11. Let f(j) = -1262*j**3 - j**2 - j + 12. Let o(v) = 3*f(v) + 2*x(v). Let t be o(4). Is (t/(-6))/3 + -2 + 0 a composite number?
False
Is -1 + (-37827)/(-15) - (-3 + 140/50) a composite number?
False
Let l = -161 + 137. Is (573/(-2)*(-160)/l)/(-2) composite?
True
Let m(s) = -s**3 - 8*s**2 - 11*s - 2. Let u be m(-7). Suppose u*a - 70790 = 16*a. Is a composite?
False
Let n be (3 + -13)/(-20) - (-1)/(-2). Suppose n = -15*w + 31039 + 17231. Is w prime?
False
Let z be (5 + -2)*(-72)/(-27). Let v be ((-42)/z)/((-3269)/1624 - -2). Let h = v - -553. Is h prime?
False
Suppose -713173 = -4*t + 3*a, 6*a + 713158 = 4*t + 8*a. Is t prime?
False
Suppose -3*i = 2*z - 81, 0 = 2*z - 4*i - 72 + 26. Suppose -z*o = -22*o - 11957. Is o prime?
True
Suppose -3*u + 5*f = 2*u + 250, 0 = u - 5*f + 38. Let b = 51 + u. Is b*2/((-16)/5172) prime?
False
Let p be (6/63)/(-1) - 14/(-147). Suppose p = -15*s + 27215 + 580. Is s composite?
True
Let w(u) be the second derivative of u**5/20 + 7*u**4/6 + 17*u**3/6 + 15*u**2/2 - 9*u. Let v be -11 + 0*1/2. Is w(v) a composite number?
False
Let s be (2/6 + -1)/((-46)/138). Let c(i) = 387*i - 1. Let g(f) = 387*f. Let j(l) = 5*c(l) - 4*g(l). Is j(s) a composite number?
False
Suppose 0 = 3*f - 227 - 148. Let o be (-8)/288*3*-36. Suppose 46 = o*a - f. Is a a prime number?
False
Let q be ((-96)/(-30))/4 + 448/40. Suppose 0 = q*p - 26*p + 276388. Is p a prime number?
False
Let u be (-4 - (-69570)/25)/(2/(-20)). Let n = u - -39615. Is n a prime number?
True
Let p(d) = 2*d**2 + 21 - 28*d**3 - 3*d - 2 - 4 - 11. Suppose -4 = -2*v + 5*v + 5*o, 5*o + 10 = -5*v. Is p(v) composite?
False
Suppose -12*o + 152 = -8*o. Suppose v - 21 = o. Let y = 386 - v. Is y a composite number?
True
Let n be 1003/2 + (0 - 1/2). Let d = -2044 + n. Is ((-24)/8)/(3/d) composite?
False
Let r = 61 - 62. Let t be (-1 - r)*(-6)/54*-3. Suppose t*j + 2*j = 1598. Is j prime?
False
Let o = 39 + -28. Let h(i) = 9*i**3 + 6*i**2 - 8*i + 17. Let u be h(-7). Is (-11)/(o/u) - (2 - 1) composite?
False
Let h = -17155 + 179769. Is h composite?
True
Let x = -8 + 3. Let k(j) be the first derivative of -37*j**2/2 - 16*j + 5342. Is k(x) prime?
False
Let z(v) = 4*v**3 - 29*v**2 + 44*v + 3. Suppose -10*g + 7*g - 5*h + 75 = 0, 4*g = 2*h + 74. Is z(g) a composite number?
False
Let o(y) = -25*y**3 - 11*y**2 - 5*y**2 + 45*y - 4 - 5*y**2 + 24*y**3. Is o(-25) a prime number?
False
Let x be 40/(-16) + (-9385)/(-2). Suppose x = 2*m - 4892. Is m composite?
True
Let o be 6 - (-5)/((-35)/56). Let u(n) = -808*n**3 - 4*n**2 + 1. Is u(o) prime?
True
Let p be 3405/(-6)*392/(-35). Let f = -2230 + p. Let j 